 -0*n + 3*t, 2*t = -5*n + 190. What is the remainder when n is divided by (3/2)/(l/(-220))?
8
Let z = 257 - 164. Suppose 0 = 5*i - 3*w - 83 - 52, 3*i - 97 = 5*w. What is the remainder when z is divided by i?
21
Suppose -329*s = -332*s + 117. What is the remainder when 148 is divided by s?
31
Suppose -6*u + 2*u = -244. Calculate the remainder when 239 is divided by u.
56
Let g(n) = n**3 + 23*n**2 + 73*n - 31. What is the remainder when 174 is divided by g(-19)?
18
Let f be (-19)/((-1)/(-9)*-3). Suppose -v = -k - 50, f = 2*v + 3*k - 53. Calculate the remainder when v is divided by 11.
8
Let y = -142 + 254. Calculate the remainder when y is divided by 5.
2
Let u be (-169)/(-65) - (14/(-10) + 1). Suppose p + 43 = 6*p - 4*w, -42 = -u*p - 3*w. Calculate the remainder when 43 is divided by p.
10
Let y(f) = f**2 - 1. Let u = -288 + 297. What is the remainder when y(5) is divided by u?
6
Let j(n) = n**3 - 11*n**2 + 16*n + 12. Let x be j(9). Calculate the remainder when (-12)/x + -3 + 74 is divided by 37.
36
Let g(l) = l + 30. Suppose -3*j = 3*p - j + 50, 3*p = -5*j - 44. Let a = p - -4. What is the remainder when 45 is divided by g(a)?
13
Suppose 78 = -0*b + 2*b + d, -4*d + 16 = 0. Calculate the remainder when 168 is divided by b.
20
Suppose -4*l = -3*l - 139. Calculate the remainder when l is divided by 28.
27
Suppose -3*n + 4*z + 85 = -93, -2*n - 2*z + 128 = 0. Let d(o) = -2*o + 1. Calculate the remainder when n is divided by d(-5).
7
Let f = -43 - -60. Suppose -58 = -2*x - 10. Calculate the remainder when x is divided by f.
7
Let h(z) = -z**3 - 5*z**2 - 2*z + 7. Let x be h(-6). Calculate the remainder when 32 is divided by (1*-2)/(((-40)/x)/4).
10
Let l(s) = -s**2 + 10*s - 1. Suppose 4*a - 5 = 7. Suppose -72 = -a*x - 5*g + 2, 0 = -5*x - g + 116. Calculate the remainder when x is divided by l(9).
7
Suppose 20*p + 30 = 25*p. What is the remainder when p is divided by 3?
0
Suppose u + 3*n + 156 = 0, -2*n - 20 = -6*n. Calculate the remainder when u/(-4) - 12/(-48) is divided by 15.
13
Let y be 12/(-24)*(1 + 14/(-2)). Suppose -y*x = 2*x - 85. Calculate the remainder when 39 is divided by x.
5
Suppose 2*u + 4*r = 12, 2*u + 3*r - 2*r - 21 = 0. Suppose 27*h - 22*h - 5*y = 175, -4*h = 2*y - 128. What is the remainder when h is divided by u?
9
Suppose 0*j - 3*j = -15. Suppose j*z = o + 12 + 46, -4*z - 2*o + 52 = 0. What is the remainder when 44 is divided by z?
8
Let m(b) = b**2 + 2*b - 28. Let h be m(6). Suppose h*i - 7*i - 1443 = 0. What is the remainder when i is divided by 16?
15
Let y(u) = 15*u - 1. Let v be y(12). Suppose -a - 159 = -5*a + c, -4*a = 3*c - v. Calculate the remainder when a is divided by 11.
8
Let v(t) = t**3 + 19*t**2 - 17. Let o be v(-19). Suppose -3*k = k + 20. Let a = k - o. Calculate the remainder when 59 is divided by a.
11
Suppose 6*t + 8 + 34 = 0. Let u = t - 73. Let m = u + 151. Calculate the remainder when m is divided by 37.
34
Let b be ((-17)/3)/(10/90). Let j = b - -86. Let t = -20 + j. Calculate the remainder when 58 is divided by t.
13
Suppose 3*x + 2*w = 251, -3*w - 32 = x - 104. Calculate the remainder when x is divided by 27.
6
Let t(c) = 7*c - 115. Suppose 46 = 4*m - 10. Calculate the remainder when t(22) is divided by m.
11
Let n(d) = d**3 + 9*d**2 + 6*d + 1. Let g(r) = 3*r + 29. Let t be g(-12). What is the remainder when n(t) is divided by 15?
12
What is the remainder when (-2)/4 + 526/4 is divided by (-179)/(-4) - -20*54/(-1440)?
43
Suppose -4*l + 2*y = -20, 4*l - 4*y - y - 32 = 0. What is the remainder when 69 is divided by l?
0
Let f(l) = -l**3 - 12*l**2 - 15*l - 17. Let k(s) = s**2 + 3*s + 3. Let d be k(-3). Calculate the remainder when f(-11) is divided by -2 + d/(9/48).
13
Suppose 60*j - 8 = 56*j. Suppose -j = 5*c - 7*c. Let o = 1 + 0. What is the remainder when o is divided by c?
0
Let v = 34 - 24. Let u(k) = 2*k**3 + 7*k**2 + 6*k - 2. Let j be u(-5). Calculate the remainder when j/(-4) - (-3)/12 is divided by v.
7
Suppose 0 = 19*h - 197 - 240. Calculate the remainder when 206 is divided by h.
22
Let c(w) = -w**2 - 28*w + 22. Suppose 0 = -3*i + 11 - 74. Calculate the remainder when c(i) is divided by 43.
40
Suppose 4*z = 3*z + 2*r + 35, 2*z - 64 = 2*r. What is the remainder when 139 is divided by z?
23
Suppose 3*g - 8 = g - 2*a, 2*g + a = 11. Suppose -260 = -4*o + 2*l, 3*o - g*o = -3*l - 260. Let h = 28 + o. What is the remainder when h is divided by 24?
21
Let m(x) = 46*x + 13. Suppose 64 = 5*c - 11. Calculate the remainder when m(1) is divided by c.
14
Let o(p) = p**2 + 5*p - 6. Suppose 3*k + 4*j - 9 = 0, -4*k - j + 0*j = -12. Calculate the remainder when 68 is divided by o(k).
14
Suppose h - 3 + 0 = 0. Suppose -5*g + 2*d = -117, h = -5*g + d + 124. Suppose -g = -3*t + 26. Calculate the remainder when t is divided by 5.
2
Let n = -99 + 99. Suppose m + 2*a = 21, n*m + 79 = 4*m + 3*a. Calculate the remainder when 56 is divided by m.
18
Let v be (7 - 5)/((-3)/9 + 1). Suppose -v*f = 3*f - 120. Let s = -97 + 176. What is the remainder when s is divided by f?
19
Suppose -4*i + 18 = -66. Suppose -i + 6 = -c. Let d = 197 + -191. Calculate the remainder when c is divided by d.
3
Let n be 1/((-5)/2) + 252/(-45). What is the remainder when (-8)/n - 6580/(-105) is divided by 18?
10
What is the remainder when 673/11 + 6 + (-204)/33 is divided by 13?
9
Suppose -2*w - 2 = 0, 3*l - 5*l - 3*w = -13. Calculate the remainder when 113 is divided by 2 - ((l - 3) + -32).
26
Suppose u - 2*n - 190 = 0, -2*u + 3*n + 459 - 79 = 0. What is the remainder when u is divided by 60?
10
Let g = 1547 - 246. Suppose 5*y + r + g = -0*r, 2*r = -2. Calculate the remainder when y/(-3) - 14/21 is divided by 22.
20
Suppose -2*d = -5*s + d + 925, 5*s - 905 = -d. What is the remainder when s is divided by 54?
20
Suppose 3*z = 0, -3*d + 6*z = z. Suppose 2*b - 3 = -b, d = s + b - 73. Let c = s - 38. What is the remainder when c is divided by 7?
6
Let w = 5 + 5. Suppose -n + 7 = 2*d - 11, 2*d - w = 0. Calculate the remainder when 15 is divided by n.
7
Let u(q) = -q**3 + 4*q**2 + 6*q - 3. Let r(l) = 2*l - 20. Let h be -44*(4 + 85/(-20)). What is the remainder when u(5) is divided by r(h)?
0
Suppose 4*j - g = 274, 17*j + g = 15*j + 134. What is the remainder when j is divided by 68?
0
Let o be 5 + -2*2/4. Let g be 1 + 21*-10 + o. Calculate the remainder when 17 is divided by (-2)/8 + g/(-20).
7
Let u(q) = -2*q**2 + 4*q - 3. Let p be u(2). Suppose 3*y - 5*y + 54 = 0. What is the remainder when y is divided by (-10)/(-15) - 19/p?
6
Suppose 0 = -5*c + 3*n + 25 + 16, 19 = c + 3*n. Let j = 47 - 39. Calculate the remainder when c is divided by j.
2
Let i = 1917 - 1222. What is the remainder when i is divided by 12?
11
Suppose 8839 = -50*v + 46739. What is the remainder when v is divided by 76?
74
Let c(k) = 2*k**3 + 42*k**2 - 10*k - 29. What is the remainder when c(-21) is divided by 11?
5
Let i = 490 - 71. What is the remainder when i is divided by 140?
139
Let n = -9 - -151. Suppose -33*k - 22 + 814 = 0. Calculate the remainder when n is divided by k.
22
What is the remainder when (3 - 412/12)*(3 + -6) is divided by 26?
16
Let l(i) = 3*i**2 - 27. Calculate the remainder when l(-6) is divided by 14.
11
Let p be 24/(-42) - 202/14. Let b = p - -24. What is the remainder when 25 is divided by b?
7
Let k = 974 + -766. Calculate the remainder when k is divided by 35.
33
Suppose -5*a + 4*c + 65 = -0*c, 3*a - c - 32 = 0. Calculate the remainder when 258 is divided by a.
6
Let f(i) = 4*i**2 + 7*i - 1. What is the remainder when 27 is divided by f(1)?
7
Calculate the remainder when 69 is divided by -2*(2 + 4)*1/(-2).
3
Let j(l) = -12*l**2 + l + 1. Let n be j(-1). Let i = -169 - -170. What is the remainder when 46 is divided by (-188)/n - i/(-3)?
14
Let j = 50 - -44. Suppose 2*h - j = -4*d, 5*h = d + d - 65. What is the remainder when 148 is divided by d?
23
Suppose -8*j + 27 = j. Suppose j*x + 121 - 730 = 0. What is the remainder when x is divided by 41?
39
Let y = 10 - 3. Suppose 0 = b - 6 + y. What is the remainder when 21 is divided by 2/(b/((-44)/8))?
10
Let g(k) = 3*k**2 + 10*k + 9. Suppose -12 = 4*h - 2*n, 0 = -6*h + 4*h - 2*n - 12. Calculate the remainder when 48 is divided by g(h).
14
Suppose -2*j + 9 = j. Calculate the remainder when (-200)/(-30)*6/4 is d